{"id":292,"date":"2020-06-20T18:22:09","date_gmt":"2020-06-20T15:22:09","guid":{"rendered":"https:\/\/nuvetekstil.com\/?page_id=292"},"modified":"2021-01-31T14:47:52","modified_gmt":"2021-01-31T11:47:52","slug":"iletisim","status":"publish","type":"page","link":"https:\/\/nuvetekstil.com\/index.php\/iletisim\/","title":{"rendered":"\u0130leti\u015fim"},"content":{"rendered":"\n<div class=\"wp-block-columns is-layout-flex wp-container-core-columns-is-layout-9d6595d7 wp-block-columns-is-layout-flex\">\n<div class=\"wp-block-column is-layout-flow wp-block-column-is-layout-flow\" style=\"flex-basis:33.33%\">\n<p>N\u00dcVE TEKST\u0130L T\u0130CARET LTD. \u015eT\u0130.<\/p>\n\n\n\n<p>Sahray\u0131 Cedit Mahallesi, \u015eemsettin G\u00fcnaltay Caddesi,<\/p>\n\n\n\n<p>No : 258, Kad\u0131k\u00f6y \/ \u0130STANBUL<\/p>\n\n\n\n<p>Telefon : 0216 349 46 00<\/p>\n<\/div>\n\n\n\n<div class=\"wp-block-column is-layout-flow wp-block-column-is-layout-flow\" style=\"flex-basis:66.66%\">\n<div class=\"wp-block-contact-form-7-contact-form-selector\">[contact-form-7 id=&#8221;5&#8243; title=&#8221;\u0130leti\u015fim formu 1&#8243;]<\/div>\n<\/div>\n<\/div>\n\n\n\n<iframe loading=\"lazy\" src=\"https:\/\/www.google.com\/maps\/embed?pb=!1m18!1m12!1m3!1d3012.0932295735056!2d29.075416115661444!3d40.979439329147276!2m3!1f0!2f0!3f0!3m2!1i1024!2i768!4f13.1!3m3!1m2!1s0x0%3A0xc2b41aa8bbc42a31!2zTsO8dmU!5e0!3m2!1str!2str!4v1592677517474!5m2!1str!2str\" width=\"600\" height=\"450\" frameborder=\"0\" style=\"border:0;\" allowfullscreen=\"\" aria-hidden=\"false\" tabindex=\"0\"><\/iframe>\n","protected":false},"excerpt":{"rendered":"<p>N\u00dcVE TEKST\u0130L T\u0130CARET LTD. \u015eT\u0130. Sahray\u0131 Cedit Mahallesi, \u015eemsettin G\u00fcnaltay Caddesi, No : 258, Kad\u0131k\u00f6y \/ \u0130STANBUL Telefon : 0216 &hellip; <a href=\"https:\/\/nuvetekstil.com\/index.php\/iletisim\/\" class=\"more-link\">Continue reading <span class=\"screen-reader-text\">\u0130leti\u015fim<\/span><\/a><\/p>\n","protected":false},"author":1,"featured_media":0,"parent":0,"menu_order":0,"comment_status":"closed","ping_status":"closed","template":"page-templates\/full-width.php","meta":{"footnotes":""},"class_list":["post-292","page","type-page","status-publish","hentry"],"yoast_head":"<!-- This site is optimized with the Yoast SEO plugin v16.0.2 - https:\/\/yoast.com\/wordpress\/plugins\/seo\/ -->\n<title>\u0130leti\u015fim - N\u00fcve Tekstil<\/title>\n<link rel=\"canonical\" href=\"https:\/\/nuvetekstil.com\/index.php\/iletisim\/\" \/>\n<meta property=\"og:locale\" content=\"tr_TR\" \/>\n<meta property=\"og:type\" content=\"article\" \/>\n<meta property=\"og:title\" content=\"\u0130leti\u015fim - N\u00fcve Tekstil\" \/>\n<meta property=\"og:description\" content=\"N\u00dcVE TEKST\u0130L T\u0130CARET LTD. \u015eT\u0130. Sahray\u0131 Cedit Mahallesi, \u015eemsettin G\u00fcnaltay Caddesi, No : 258, Kad\u0131k\u00f6y \/ \u0130STANBUL Telefon : 0216 &hellip; Continue reading \u0130leti\u015fim\" \/>\n<meta property=\"og:url\" content=\"https:\/\/nuvetekstil.com\/index.php\/iletisim\/\" \/>\n<meta property=\"og:site_name\" content=\"N\u00fcve Tekstil\" \/>\n<meta property=\"article:modified_time\" content=\"2021-01-31T11:47:52+00:00\" \/>\n<meta name=\"twitter:card\" content=\"summary_large_image\" \/>\n<meta name=\"twitter:label1\" content=\"Tahmini okuma s\u00fcresi\">\n\t<meta name=\"twitter:data1\" content=\"1 dakika\">\n<script type=\"application\/ld+json\" class=\"yoast-schema-graph\">{\"@context\":\"https:\/\/schema.org\",\"@graph\":[{\"@type\":\"Organization\",\"@id\":\"https:\/\/nuvetekstil.com\/#organization\",\"name\":\"N\\u00dcVE TEKST\\u0130L T\\u0130CARET LTD. \\u015eT\\u0130.\",\"url\":\"https:\/\/nuvetekstil.com\/\",\"sameAs\":[\"https:\/\/www.instagram.com\/tekstilnuve\/?hl=tr\"],\"logo\":{\"@type\":\"ImageObject\",\"@id\":\"https:\/\/nuvetekstil.com\/#logo\",\"inLanguage\":\"tr\",\"url\":\"https:\/\/nuvetekstil.com\/wp-content\/uploads\/2020\/06\/Logo6.jpg\",\"width\":512,\"height\":512,\"caption\":\"N\\u00dcVE TEKST\\u0130L T\\u0130CARET LTD. \\u015eT\\u0130.\"},\"image\":{\"@id\":\"https:\/\/nuvetekstil.com\/#logo\"}},{\"@type\":\"WebSite\",\"@id\":\"https:\/\/nuvetekstil.com\/#website\",\"url\":\"https:\/\/nuvetekstil.com\/\",\"name\":\"N\\u00fcve Tekstil\",\"description\":\"D\\u00f6\\u015femelik Perdelik Kuma\\u015f\",\"publisher\":{\"@id\":\"https:\/\/nuvetekstil.com\/#organization\"},\"potentialAction\":[{\"@type\":\"SearchAction\",\"target\":\"https:\/\/nuvetekstil.com\/?s={search_term_string}\",\"query-input\":\"required name=search_term_string\"}],\"inLanguage\":\"tr\"},{\"@type\":\"WebPage\",\"@id\":\"https:\/\/nuvetekstil.com\/index.php\/iletisim\/#webpage\",\"url\":\"https:\/\/nuvetekstil.com\/index.php\/iletisim\/\",\"name\":\"\\u0130leti\\u015fim - N\\u00fcve Tekstil\",\"isPartOf\":{\"@id\":\"https:\/\/nuvetekstil.com\/#website\"},\"datePublished\":\"2020-06-20T15:22:09+00:00\",\"dateModified\":\"2021-01-31T11:47:52+00:00\",\"breadcrumb\":{\"@id\":\"https:\/\/nuvetekstil.com\/index.php\/iletisim\/#breadcrumb\"},\"inLanguage\":\"tr\",\"potentialAction\":[{\"@type\":\"ReadAction\",\"target\":[\"https:\/\/nuvetekstil.com\/index.php\/iletisim\/\"]}]},{\"@type\":\"BreadcrumbList\",\"@id\":\"https:\/\/nuvetekstil.com\/index.php\/iletisim\/#breadcrumb\",\"itemListElement\":[{\"@type\":\"ListItem\",\"position\":1,\"item\":{\"@type\":\"WebPage\",\"@id\":\"https:\/\/nuvetekstil.com\/\",\"url\":\"https:\/\/nuvetekstil.com\/\",\"name\":\"Ana sayfa\"}},{\"@type\":\"ListItem\",\"position\":2,\"item\":{\"@type\":\"WebPage\",\"@id\":\"https:\/\/nuvetekstil.com\/index.php\/iletisim\/\",\"url\":\"https:\/\/nuvetekstil.com\/index.php\/iletisim\/\",\"name\":\"\\u0130leti\\u015fim\"}}]}]}<\/script>\n<!-- \/ Yoast SEO plugin. -->","jetpack_sharing_enabled":true,"_links":{"self":[{"href":"https:\/\/nuvetekstil.com\/index.php\/wp-json\/wp\/v2\/pages\/292","targetHints":{"allow":["GET"]}}],"collection":[{"href":"https:\/\/nuvetekstil.com\/index.php\/wp-json\/wp\/v2\/pages"}],"about":[{"href":"https:\/\/nuvetekstil.com\/index.php\/wp-json\/wp\/v2\/types\/page"}],"author":[{"embeddable":true,"href":"https:\/\/nuvetekstil.com\/index.php\/wp-json\/wp\/v2\/users\/1"}],"replies":[{"embeddable":true,"href":"https:\/\/nuvetekstil.com\/index.php\/wp-json\/wp\/v2\/comments?post=292"}],"version-history":[{"count":14,"href":"https:\/\/nuvetekstil.com\/index.php\/wp-json\/wp\/v2\/pages\/292\/revisions"}],"predecessor-version":[{"id":491,"href":"https:\/\/nuvetekstil.com\/index.php\/wp-json\/wp\/v2\/pages\/292\/revisions\/491"}],"wp:attachment":[{"href":"https:\/\/nuvetekstil.com\/index.php\/wp-json\/wp\/v2\/media?parent=292"}],"curies":[{"name":"wp","href":"https:\/\/api.w.org\/{rel}","templated":true}]}}