{"id":259,"date":"2020-06-20T16:19:12","date_gmt":"2020-06-20T13:19:12","guid":{"rendered":"https:\/\/nuvetekstil.com\/index.php\/front-page\/"},"modified":"2020-09-23T16:05:30","modified_gmt":"2020-09-23T13:05:30","slug":"front-page","status":"publish","type":"page","link":"https:\/\/nuvetekstil.com\/","title":{"rendered":"Front Page"},"content":{"rendered":"","protected":false},"excerpt":{"rendered":"","protected":false},"author":1,"featured_media":0,"parent":0,"menu_order":0,"comment_status":"closed","ping_status":"closed","template":"page-templates\/template-home.php","meta":{"footnotes":""},"class_list":["post-259","page","type-page","status-publish","hentry"],"yoast_head":"<!-- This site is optimized with the Yoast SEO plugin v16.0.2 - https:\/\/yoast.com\/wordpress\/plugins\/seo\/ -->\n<title>N\u00fcve Tekstil - D\u00f6\u015femelik Perdelik Kuma\u015f<\/title>\n<link rel=\"canonical\" href=\"https:\/\/nuvetekstil.com\/\" \/>\n<meta property=\"og:locale\" content=\"tr_TR\" \/>\n<meta property=\"og:type\" content=\"article\" \/>\n<meta property=\"og:title\" content=\"N\u00fcve Tekstil - D\u00f6\u015femelik Perdelik Kuma\u015f\" \/>\n<meta property=\"og:url\" content=\"https:\/\/nuvetekstil.com\/\" \/>\n<meta property=\"og:site_name\" content=\"N\u00fcve Tekstil\" \/>\n<meta property=\"article:modified_time\" content=\"2020-09-23T13:05:30+00:00\" \/>\n<meta name=\"twitter:card\" content=\"summary_large_image\" \/>\n<script type=\"application\/ld+json\" class=\"yoast-schema-graph\">{\"@context\":\"https:\/\/schema.org\",\"@graph\":[{\"@type\":\"Organization\",\"@id\":\"https:\/\/nuvetekstil.com\/#organization\",\"name\":\"N\\u00dcVE TEKST\\u0130L T\\u0130CARET LTD. \\u015eT\\u0130.\",\"url\":\"https:\/\/nuvetekstil.com\/\",\"sameAs\":[\"https:\/\/www.instagram.com\/tekstilnuve\/?hl=tr\"],\"logo\":{\"@type\":\"ImageObject\",\"@id\":\"https:\/\/nuvetekstil.com\/#logo\",\"inLanguage\":\"tr\",\"url\":\"https:\/\/nuvetekstil.com\/wp-content\/uploads\/2020\/06\/Logo6.jpg\",\"width\":512,\"height\":512,\"caption\":\"N\\u00dcVE TEKST\\u0130L T\\u0130CARET LTD. \\u015eT\\u0130.\"},\"image\":{\"@id\":\"https:\/\/nuvetekstil.com\/#logo\"}},{\"@type\":\"WebSite\",\"@id\":\"https:\/\/nuvetekstil.com\/#website\",\"url\":\"https:\/\/nuvetekstil.com\/\",\"name\":\"N\\u00fcve Tekstil\",\"description\":\"D\\u00f6\\u015femelik Perdelik Kuma\\u015f\",\"publisher\":{\"@id\":\"https:\/\/nuvetekstil.com\/#organization\"},\"potentialAction\":[{\"@type\":\"SearchAction\",\"target\":\"https:\/\/nuvetekstil.com\/?s={search_term_string}\",\"query-input\":\"required name=search_term_string\"}],\"inLanguage\":\"tr\"},{\"@type\":\"WebPage\",\"@id\":\"https:\/\/nuvetekstil.com\/#webpage\",\"url\":\"https:\/\/nuvetekstil.com\/\",\"name\":\"N\\u00fcve Tekstil - D\\u00f6\\u015femelik Perdelik Kuma\\u015f\",\"isPartOf\":{\"@id\":\"https:\/\/nuvetekstil.com\/#website\"},\"datePublished\":\"2020-06-20T13:19:12+00:00\",\"dateModified\":\"2020-09-23T13:05:30+00:00\",\"breadcrumb\":{\"@id\":\"https:\/\/nuvetekstil.com\/#breadcrumb\"},\"inLanguage\":\"tr\",\"potentialAction\":[{\"@type\":\"ReadAction\",\"target\":[\"https:\/\/nuvetekstil.com\/\"]}]},{\"@type\":\"BreadcrumbList\",\"@id\":\"https:\/\/nuvetekstil.com\/#breadcrumb\",\"itemListElement\":[{\"@type\":\"ListItem\",\"position\":1,\"item\":{\"@type\":\"WebPage\",\"@id\":\"https:\/\/nuvetekstil.com\/\",\"url\":\"https:\/\/nuvetekstil.com\/\",\"name\":\"Ana sayfa\"}},{\"@type\":\"ListItem\",\"position\":2,\"item\":{\"@type\":\"WebPage\",\"@id\":\"https:\/\/nuvetekstil.com\/\",\"url\":\"https:\/\/nuvetekstil.com\/\",\"name\":\"Front Page\"}}]}]}<\/script>\n<!-- \/ Yoast SEO plugin. -->","jetpack_sharing_enabled":true,"_links":{"self":[{"href":"https:\/\/nuvetekstil.com\/index.php\/wp-json\/wp\/v2\/pages\/259","targetHints":{"allow":["GET"]}}],"collection":[{"href":"https:\/\/nuvetekstil.com\/index.php\/wp-json\/wp\/v2\/pages"}],"about":[{"href":"https:\/\/nuvetekstil.com\/index.php\/wp-json\/wp\/v2\/types\/page"}],"author":[{"embeddable":true,"href":"https:\/\/nuvetekstil.com\/index.php\/wp-json\/wp\/v2\/users\/1"}],"replies":[{"embeddable":true,"href":"https:\/\/nuvetekstil.com\/index.php\/wp-json\/wp\/v2\/comments?post=259"}],"version-history":[{"count":2,"href":"https:\/\/nuvetekstil.com\/index.php\/wp-json\/wp\/v2\/pages\/259\/revisions"}],"predecessor-version":[{"id":493,"href":"https:\/\/nuvetekstil.com\/index.php\/wp-json\/wp\/v2\/pages\/259\/revisions\/493"}],"wp:attachment":[{"href":"https:\/\/nuvetekstil.com\/index.php\/wp-json\/wp\/v2\/media?parent=259"}],"curies":[{"name":"wp","href":"https:\/\/api.w.org\/{rel}","templated":true}]}}